[INFO] fetching crate cargo-rin 0.1.33...
[INFO] checking cargo-rin-0.1.33 against try#72f88fc4e9458f89516a0b8b0868f3718aec5b47 for pr-74989
[INFO] extracting crate cargo-rin 0.1.33 into /workspace/builds/worker-7/source
[INFO] validating manifest of crates.io crate cargo-rin 0.1.33 on toolchain 72f88fc4e9458f89516a0b8b0868f3718aec5b47
[INFO] running `Command { std: "/workspace/cargo-home/bin/cargo" "+72f88fc4e9458f89516a0b8b0868f3718aec5b47" "read-manifest" "--manifest-path" "Cargo.toml", kill_on_drop: false }`
[INFO] started tweaking crates.io crate cargo-rin 0.1.33
[INFO] finished tweaking crates.io crate cargo-rin 0.1.33
[INFO] tweaked toml for crates.io crate cargo-rin 0.1.33 written to /workspace/builds/worker-7/source/Cargo.toml
[INFO] running `Command { std: "/workspace/cargo-home/bin/cargo" "+72f88fc4e9458f89516a0b8b0868f3718aec5b47" "generate-lockfile" "--manifest-path" "Cargo.toml" "-Zno-index-update", kill_on_drop: false }`
[INFO] running `Command { std: "/workspace/cargo-home/bin/cargo" "+72f88fc4e9458f89516a0b8b0868f3718aec5b47" "fetch" "--locked" "--manifest-path" "Cargo.toml", kill_on_drop: false }`
[INFO] running `Command { std: "docker" "create" "-v" "/var/lib/crater-agent-workspace/builds/worker-7/target:/opt/rustwide/target:rw,Z" "-v" "/var/lib/crater-agent-workspace/builds/worker-7/source:/opt/rustwide/workdir:ro,Z" "-v" "/var/lib/crater-agent-workspace/cargo-home:/opt/rustwide/cargo-home:ro,Z" "-v" "/var/lib/crater-agent-workspace/rustup-home:/opt/rustwide/rustup-home:ro,Z" "-e" "SOURCE_DIR=/opt/rustwide/workdir" "-e" "CARGO_TARGET_DIR=/opt/rustwide/target" "-e" "CARGO_HOME=/opt/rustwide/cargo-home" "-e" "RUSTUP_HOME=/opt/rustwide/rustup-home" "-w" "/opt/rustwide/workdir" "-m" "1610612736" "--user" "0:0" "--network" "none" "rustops/crates-build-env@sha256:d92eaeed33fa75130ca1ee6c8a01d1ffb62bac859dfdfb3450e3e5d1c0146529" "/opt/rustwide/cargo-home/bin/cargo" "+72f88fc4e9458f89516a0b8b0868f3718aec5b47" "metadata" "--no-deps" "--format-version=1", kill_on_drop: false }`
[INFO] [stdout] 1759fc7987e576f688ad4080657f4968b5b665c7c1de56179d4096ce82a47984
[INFO] [stderr] WARNING: Your kernel does not support swap limit capabilities or the cgroup is not mounted. Memory limited without swap.
[INFO] running `Command { std: "docker" "start" "-a" "1759fc7987e576f688ad4080657f4968b5b665c7c1de56179d4096ce82a47984", kill_on_drop: false }`
[INFO] running `Command { std: "docker" "inspect" "1759fc7987e576f688ad4080657f4968b5b665c7c1de56179d4096ce82a47984", kill_on_drop: false }`
[INFO] running `Command { std: "docker" "rm" "-f" "1759fc7987e576f688ad4080657f4968b5b665c7c1de56179d4096ce82a47984", kill_on_drop: false }`
[INFO] [stdout] 1759fc7987e576f688ad4080657f4968b5b665c7c1de56179d4096ce82a47984
[INFO] running `Command { std: "docker" "create" "-v" "/var/lib/crater-agent-workspace/builds/worker-7/target:/opt/rustwide/target:rw,Z" "-v" "/var/lib/crater-agent-workspace/builds/worker-7/source:/opt/rustwide/workdir:ro,Z" "-v" "/var/lib/crater-agent-workspace/cargo-home:/opt/rustwide/cargo-home:ro,Z" "-v" "/var/lib/crater-agent-workspace/rustup-home:/opt/rustwide/rustup-home:ro,Z" "-e" "SOURCE_DIR=/opt/rustwide/workdir" "-e" "CARGO_TARGET_DIR=/opt/rustwide/target" "-e" "CARGO_INCREMENTAL=0" "-e" "RUST_BACKTRACE=full" "-e" "RUSTFLAGS=--cap-lints=forbid" "-e" "CARGO_HOME=/opt/rustwide/cargo-home" "-e" "RUSTUP_HOME=/opt/rustwide/rustup-home" "-w" "/opt/rustwide/workdir" "-m" "1610612736" "--user" "0:0" "--network" "none" "rustops/crates-build-env@sha256:d92eaeed33fa75130ca1ee6c8a01d1ffb62bac859dfdfb3450e3e5d1c0146529" "/opt/rustwide/cargo-home/bin/cargo" "+72f88fc4e9458f89516a0b8b0868f3718aec5b47" "check" "--frozen" "--all" "--all-targets" "--message-format=json", kill_on_drop: false }`
[INFO] [stdout] 5363b7c29d260fdb8a32d0afe14c7fda956b896895a5ea340bac0a2cbf2296e0
[INFO] [stderr] WARNING: Your kernel does not support swap limit capabilities or the cgroup is not mounted. Memory limited without swap.
[INFO] running `Command { std: "docker" "start" "-a" "5363b7c29d260fdb8a32d0afe14c7fda956b896895a5ea340bac0a2cbf2296e0", kill_on_drop: false }`
[INFO] [stderr]    Compiling bitflags v1.2.1
[INFO] [stderr]     Checking unicode-width v0.1.8
[INFO] [stderr]     Checking vec_map v0.8.2
[INFO] [stderr]     Checking ansi_term v0.11.0
[INFO] [stderr]     Checking strsim v0.8.0
[INFO] [stderr]     Checking json v0.11.15
[INFO] [stderr]     Checking toml v0.5.6
[INFO] [stderr]     Checking textwrap v0.11.0
[INFO] [stderr]     Checking clap v2.33.3
[INFO] [stderr]     Checking cargo-rin v0.1.33 (/opt/rustwide/workdir)
[INFO] [stdout] error[E0599]: no variant or associated item named `App` found for enum `Template` in the current scope
[INFO] [stdout]    --> src/main.rs:395:23
[INFO] [stdout]     |
[INFO] [stdout] 12  | enum Template{
[INFO] [stdout]     | ------------- variant or associated item `App` not found here
[INFO] [stdout] ...
[INFO] [stdout] 395 |             Template::App => {
[INFO] [stdout]     |                       ^^^ variant or associated item not found in `Template`
[INFO] [stdout] 
[INFO] [stdout] 
[INFO] [stdout] error[E0599]: no variant or associated item named `Loop` found for enum `Template` in the current scope
[INFO] [stdout]    --> src/main.rs:400:23
[INFO] [stdout]     |
[INFO] [stdout] 12  | enum Template{
[INFO] [stdout]     | ------------- variant or associated item `Loop` not found here
[INFO] [stdout] ...
[INFO] [stdout] 400 |             Template::Loop => {
[INFO] [stdout]     |                       ^^^^ variant or associated item not found in `Template`
[INFO] [stdout] 
[INFO] [stdout] 
[INFO] [stdout] error[E0599]: no variant or associated item named `App` found for enum `Template` in the current scope
[INFO] [stdout]    --> src/main.rs:417:24
[INFO] [stdout]     |
[INFO] [stdout] 12  | enum Template{
[INFO] [stdout]     | ------------- variant or associated item `App` not found here
[INFO] [stdout] ...
[INFO] [stdout] 417 |         test(Template::App, "test_app");
[INFO] [stdout]     |                        ^^^ variant or associated item not found in `Template`
[INFO] [stdout] 
[INFO] [stdout] 
[INFO] [stdout] error[E0599]: no variant or associated item named `Loop` found for enum `Template` in the current scope
[INFO] [stdout]    --> src/main.rs:422:24
[INFO] [stdout]     |
[INFO] [stdout] 12  | enum Template{
[INFO] [stdout]     | ------------- variant or associated item `Loop` not found here
[INFO] [stdout] ...
[INFO] [stdout] 422 |         test(Template::Loop, "test_loop");
[INFO] [stdout]     |                        ^^^^ variant or associated item not found in `Template`
[INFO] [stdout] 
[INFO] [stdout] 
[INFO] [stdout] error: aborting due to 4 previous errors
[INFO] [stdout] 
[INFO] [stdout] 
[INFO] [stdout] For more information about this error, try `rustc --explain E0599`.
[INFO] [stdout] 
[INFO] [stderr] error: could not compile `cargo-rin`.
[INFO] [stderr] 
[INFO] [stderr] To learn more, run the command again with --verbose.
[INFO] running `Command { std: "docker" "inspect" "5363b7c29d260fdb8a32d0afe14c7fda956b896895a5ea340bac0a2cbf2296e0", kill_on_drop: false }`
[INFO] running `Command { std: "docker" "rm" "-f" "5363b7c29d260fdb8a32d0afe14c7fda956b896895a5ea340bac0a2cbf2296e0", kill_on_drop: false }`
[INFO] [stdout] 5363b7c29d260fdb8a32d0afe14c7fda956b896895a5ea340bac0a2cbf2296e0
